[INFO] fetching crate solitaire 0.0.1...
[INFO] checking solitaire-0.0.1 against master#cfbc6d4cf1acbac5c025acf8ed68929caa551df3 for pr-75494-beta
[INFO] extracting crate solitaire 0.0.1 into /workspace/builds/worker-3/source
[INFO] validating manifest of crates.io crate solitaire 0.0.1 on toolchain cfbc6d4cf1acbac5c025acf8ed68929caa551df3
[INFO] running `Command { std: "/workspace/cargo-home/bin/cargo" "+cfbc6d4cf1acbac5c025acf8ed68929caa551df3" "read-manifest" "--manifest-path" "Cargo.toml", kill_on_drop: false }`
[INFO] started tweaking crates.io crate solitaire 0.0.1
[INFO] finished tweaking crates.io crate solitaire 0.0.1
[INFO] tweaked toml for crates.io crate solitaire 0.0.1 written to /workspace/builds/worker-3/source/Cargo.toml
[INFO] crate crates.io crate solitaire 0.0.1 already has a lockfile, it will not be regenerated
[INFO] running `Command { std: "/workspace/cargo-home/bin/cargo" "+cfbc6d4cf1acbac5c025acf8ed68929caa551df3" "fetch" "--locked" "--manifest-path" "Cargo.toml", kill_on_drop: false }`
[INFO] [stderr]  Downloading crates ...
[INFO] [stderr]   Downloaded solitaire-controllers v0.0.1
[INFO] running `Command { std: "docker" "create" "-v" "/var/lib/crater-agent-workspace/builds/worker-3/target:/opt/rustwide/target:rw,Z" "-v" "/var/lib/crater-agent-workspace/builds/worker-3/source:/opt/rustwide/workdir:ro,Z" "-v" "/var/lib/crater-agent-workspace/cargo-home:/opt/rustwide/cargo-home:ro,Z" "-v" "/var/lib/crater-agent-workspace/rustup-home:/opt/rustwide/rustup-home:ro,Z" "-e" "SOURCE_DIR=/opt/rustwide/workdir" "-e" "CARGO_TARGET_DIR=/opt/rustwide/target" "-e" "CARGO_HOME=/opt/rustwide/cargo-home" "-e" "RUSTUP_HOME=/opt/rustwide/rustup-home" "-w" "/opt/rustwide/workdir" "-m" "1610612736" "--user" "0:0" "--network" "none" "rustops/crates-build-env@sha256:a636fd89d022f18117e1dc8fb37a0a009933cdbbe082814857f0e2024962d47c" "/opt/rustwide/cargo-home/bin/cargo" "+cfbc6d4cf1acbac5c025acf8ed68929caa551df3" "metadata" "--no-deps" "--format-version=1", kill_on_drop: false }`
[INFO] [stderr] WARNING: Your kernel does not support swap limit capabilities or the cgroup is not mounted. Memory limited without swap.
[INFO] [stdout] 9ee43df1d259df48ec1e85c0d2ff789c085986f0b2bcdc16d7cc5f86bd05cc95
[INFO] running `Command { std: "docker" "start" "-a" "9ee43df1d259df48ec1e85c0d2ff789c085986f0b2bcdc16d7cc5f86bd05cc95", kill_on_drop: false }`
[INFO] running `Command { std: "docker" "inspect" "9ee43df1d259df48ec1e85c0d2ff789c085986f0b2bcdc16d7cc5f86bd05cc95", kill_on_drop: false }`
[INFO] running `Command { std: "docker" "rm" "-f" "9ee43df1d259df48ec1e85c0d2ff789c085986f0b2bcdc16d7cc5f86bd05cc95", kill_on_drop: false }`
[INFO] [stdout] 9ee43df1d259df48ec1e85c0d2ff789c085986f0b2bcdc16d7cc5f86bd05cc95
[INFO] running `Command { std: "docker" "create" "-v" "/var/lib/crater-agent-workspace/builds/worker-3/target:/opt/rustwide/target:rw,Z" "-v" "/var/lib/crater-agent-workspace/builds/worker-3/source:/opt/rustwide/workdir:ro,Z" "-v" "/var/lib/crater-agent-workspace/cargo-home:/opt/rustwide/cargo-home:ro,Z" "-v" "/var/lib/crater-agent-workspace/rustup-home:/opt/rustwide/rustup-home:ro,Z" "-e" "SOURCE_DIR=/opt/rustwide/workdir" "-e" "CARGO_TARGET_DIR=/opt/rustwide/target" "-e" "CARGO_INCREMENTAL=0" "-e" "RUST_BACKTRACE=full" "-e" "RUSTFLAGS=--cap-lints=forbid" "-e" "CARGO_HOME=/opt/rustwide/cargo-home" "-e" "RUSTUP_HOME=/opt/rustwide/rustup-home" "-w" "/opt/rustwide/workdir" "-m" "1610612736" "--user" "0:0" "--network" "none" "rustops/crates-build-env@sha256:a636fd89d022f18117e1dc8fb37a0a009933cdbbe082814857f0e2024962d47c" "/opt/rustwide/cargo-home/bin/cargo" "+cfbc6d4cf1acbac5c025acf8ed68929caa551df3" "check" "--frozen" "--all" "--all-targets" "--message-format=json", kill_on_drop: false }`
[INFO] [stdout] 64b21868cf447549a120b06058a4e83f9821679f267226070dcc63b6f707ed85
[INFO] [stderr] WARNING: Your kernel does not support swap limit capabilities or the cgroup is not mounted. Memory limited without swap.
[INFO] running `Command { std: "docker" "start" "-a" "64b21868cf447549a120b06058a4e83f9821679f267226070dcc63b6f707ed85", kill_on_drop: false }`
[INFO] [stderr]    Compiling libc v0.2.66
[INFO] [stderr]    Compiling cfg-if v0.1.10
[INFO] [stderr]    Compiling proc-macro2 v1.0.6
[INFO] [stderr]    Compiling unicode-xid v0.2.0
[INFO] [stderr]    Compiling syn v1.0.11
[INFO] [stderr]    Compiling semver-parser v0.7.0
[INFO] [stderr]    Compiling byteorder v1.3.2
[INFO] [stderr]    Compiling proc-macro2 v0.4.30
[INFO] [stderr]     Checking scopeguard v1.0.0
[INFO] [stderr]    Compiling syn v0.15.44
[INFO] [stderr]    Compiling getrandom v0.1.13
[INFO] [stderr]     Checking fnv v1.0.6
[INFO] [stderr]    Compiling memchr v2.2.1
[INFO] [stderr]     Checking itoa v0.4.4
[INFO] [stderr]     Checking smallvec v1.0.0
[INFO] [stderr]    Compiling lazy_static v1.4.0
[INFO] [stderr]    Compiling regex-syntax v0.6.12
[INFO] [stderr]    Compiling pkg-config v0.3.17
[INFO] [stderr]    Compiling matches v0.1.8
[INFO] [stderr]     Checking quick-error v1.2.2
[INFO] [stderr]     Checking arc-swap v0.4.4
[INFO] [stderr]     Checking linked-hash-map v0.5.2
[INFO] [stderr]    Compiling percent-encoding v2.1.0
[INFO] [stderr]     Checking either v1.5.3
[INFO] [stderr]     Checking dtoa v0.4.4
[INFO] [stderr]    Compiling slog v2.5.2
[INFO] [stderr]    Compiling same-file v1.0.5
[INFO] [stderr]    Compiling anyhow v1.0.25
[INFO] [stderr]    Compiling maud_htmlescape v0.17.0
[INFO] [stderr]    Compiling shellexpand v1.0.0
[INFO] [stderr]     Checking unicode-width v0.1.6
[INFO] [stderr]     Checking vec_map v0.8.1
[INFO] [stderr]     Checking xdg v2.2.0
[INFO] [stderr]     Checking strsim v0.8.0
[INFO] [stderr]     Checking take_mut v0.2.2
[INFO] [stderr]     Checking ansi_term v0.11.0
[INFO] [stderr]     Checking nodrop v0.1.14
[INFO] [stderr]     Checking arrayvec v0.5.1
[INFO] [stderr]    Compiling num-traits v0.2.10
[INFO] [stderr]    Compiling num-integer v0.1.41
[INFO] [stderr]     Checking actix-service v0.4.2
[INFO] [stderr]     Checking thread_local v0.3.6
[INFO] [stderr]    Compiling indexmap v1.3.0
[INFO] [stderr]    Compiling hashbrown v0.6.3
[INFO] [stderr]    Compiling bincode v1.2.0
[INFO] [stderr]     Checking rand_core v0.3.1
[INFO] [stderr]     Checking lock_api v0.3.2
[INFO] [stderr]     Checking lock_api v0.2.0
[INFO] [stderr]     Checking tokio-sync v0.1.7
[INFO] [stderr]    Compiling unicode-bidi v0.3.4
[INFO] [stderr]    Compiling semver v0.9.0
[INFO] [stderr]     Checking unicode-normalization v0.1.11
[INFO] [stderr]     Checking miniz_oxide v0.3.5
[INFO] [stderr]    Compiling unicase v2.6.0
[INFO] [stderr]     Checking lru-cache v0.1.2
[INFO] [stderr]    Compiling walkdir v2.2.9
[INFO] [stderr]     Checking textwrap v0.11.0
[INFO] [stderr]    Compiling log v0.4.8
[INFO] [stderr]     Checking tokio-executor v0.1.9
[INFO] [stderr]     Checking app_dirs2 v2.0.4
[INFO] [stderr]    Compiling bitflags v1.2.1
[INFO] [stderr]     Checking rand_isaac v0.1.1
[INFO] [stderr]     Checking rand_hc v0.1.0
[INFO] [stderr]     Checking rand_xorshift v0.1.1
[INFO] [stderr]     Checking encoding_rs v0.8.20
[INFO] [stderr]    Compiling rustc_version v0.2.3
[INFO] [stderr]     Checking rand_chacha v0.1.1
[INFO] [stderr]    Compiling rust-embed-utils v5.0.0
[INFO] [stderr]     Checking tokio-timer v0.2.12
[INFO] [stderr]     Checking tokio-current-thread v0.1.6
[INFO] [stderr]    Compiling rust-embed-impl v5.1.0
[INFO] [stderr]     Checking idna v0.1.5
[INFO] [stderr]     Checking idna v0.2.0
[INFO] [stderr]     Checking aho-corasick v0.7.6
[INFO] [stderr]     Checking iovec v0.1.4
[INFO] [stderr]     Checking num_cpus v1.11.1
[INFO] [stderr]     Checking net2 v0.2.33
[INFO] [stderr]     Checking rand_os v0.1.3
[INFO] [stderr]     Checking time v0.1.42
[INFO] [stderr]     Checking socket2 v0.3.11
[INFO] [stderr]     Checking hostname v0.1.5
[INFO] [stderr]     Checking signal-hook-registry v1.2.0
[INFO] [stderr]     Checking dirs-sys v0.3.4
[INFO] [stderr]     Checking atty v0.2.13
[INFO] [stderr]     Checking slog-async v2.3.0
[INFO] [stderr]    Compiling quote v1.0.2
[INFO] [stderr]    Compiling parking_lot_core v0.6.2
[INFO] [stderr]    Compiling parking_lot v0.9.0
[INFO] [stderr]    Compiling parking_lot_core v0.5.0
[INFO] [stderr]    Compiling parking_lot v0.8.0
[INFO] [stderr]     Checking base64 v0.10.1
[INFO] [stderr]    Compiling jobserver v0.1.17
[INFO] [stderr]    Compiling quote v0.6.13
[INFO] [stderr]    Compiling mime_guess v2.0.1
[INFO] [stderr]     Checking threadpool v1.7.1
[INFO] [stderr]     Checking bytes v0.4.12
[INFO] [stderr]     Checking url v1.7.2
[INFO] [stderr]     Checking rand_core v0.5.1
[INFO] [stderr]     Checking rand v0.6.5
[INFO] [stderr]     Checking mio v0.6.21
[INFO] [stderr]     Checking url v2.1.0
[INFO] [stderr]     Checking resolv-conf v0.6.2
[INFO] [stderr]     Checking clap v2.33.0
[INFO] [stderr]     Checking signal-hook v0.1.12
[INFO] [stderr]     Checking dirs v2.0.2
[INFO] [stderr]     Checking rust-embed v5.1.0
[INFO] [stderr]    Compiling cc v1.0.47
[INFO] [stderr]    Compiling regex v1.3.1
[INFO] [stderr]     Checking rand_chacha v0.2.1
[INFO] [stderr]     Checking tokio-io v0.1.12
[INFO] [stderr]     Checking http v0.1.21
[INFO] [stderr]     Checking string v0.2.1
[INFO] [stderr]     Checking term v0.6.1
[INFO] [stderr]     Checking solitaire-assets v0.0.1
[INFO] [stderr]     Checking mio-uds v0.6.7
[INFO] [stderr]     Checking rand v0.7.2
[INFO] [stderr]     Checking tokio-codec v0.1.1
[INFO] [stderr]     Checking actix-codec v0.1.2
[INFO] [stderr]     Checking tokio-reactor v0.1.11
[INFO] [stderr]     Checking actix-utils v0.4.7
[INFO] [stderr]     Checking tokio-tcp v0.1.3
[INFO] [stderr]     Checking tokio-udp v0.1.5
[INFO] [stderr]     Checking tokio-signal v0.2.7
[INFO] [stderr]     Checking actix-server-config v0.1.2
[INFO] [stderr]     Checking actix-server-config v0.2.0
[INFO] [stderr]    Compiling backtrace-sys v0.1.32
[INFO] [stderr]    Compiling libz-sys v1.0.25
[INFO] [stderr]    Compiling miniz-sys v0.1.12
[INFO] [stderr]    Compiling libgit2-sys v0.9.2
[INFO] [stderr]    Compiling brotli-sys v0.3.2
[INFO] [stderr]    Compiling ring v0.14.6
[INFO] [stderr]     Checking flate2 v1.0.13
[INFO] [stderr]     Checking backtrace v0.3.40
[INFO] [stderr]     Checking h2 v0.1.26
[INFO] [stderr]     Checking brotli2 v0.3.2
[INFO] [stderr]    Compiling git2 v0.10.2
[INFO] [stderr]    Compiling synstructure v0.12.3
[INFO] [stderr]    Compiling derive_more v0.15.0
[INFO] [stderr]    Compiling enum-as-inner v0.2.1
[INFO] [stderr]    Compiling maud_macros v0.21.0
[INFO] [stderr]    Compiling derive_more v0.14.1
[INFO] [stderr]    Compiling actix_derive v0.4.0
[INFO] [stdout] error[E0554]: `#![feature]` may not be used on the beta release channel
[INFO] [stdout]  --> /opt/rustwide/cargo-home/registry/src/github.com-1ecc6299db9ec823/maud_macros-0.21.0/src/lib.rs:1:1
[INFO] [stdout]   |
[INFO] [stdout] 1 | #![feature(proc_macro_def_site)]
[INFO] [stdout]   | ^^^^^^^^^^^^^^^^^^^^^^^^^^^^^^^^
[INFO] [stdout] 
[INFO] [stdout] 
[INFO] [stdout] error[E0554]: `#![feature]` may not be used on the beta release channel
[INFO] [stdout]  --> /opt/rustwide/cargo-home/registry/src/github.com-1ecc6299db9ec823/maud_macros-0.21.0/src/lib.rs:2:1
[INFO] [stdout]   |
[INFO] [stdout] 2 | #![feature(proc_macro_diagnostic)]
[INFO] [stdout]   | ^^^^^^^^^^^^^^^^^^^^^^^^^^^^^^^^^^
[INFO] [stdout] 
[INFO] [stdout] 
[INFO] [stdout] error[E0554]: `#![feature]` may not be used on the beta release channel
[INFO] [stdout]  --> /opt/rustwide/cargo-home/registry/src/github.com-1ecc6299db9ec823/maud_macros-0.21.0/src/lib.rs:3:1
[INFO] [stdout]   |
[INFO] [stdout] 3 | #![feature(proc_macro_hygiene)]
[INFO] [stdout]   | ^^^^^^^^^^^^^^^^^^^^^^^^^^^^^^^
[INFO] [stdout] 
[INFO] [stdout] 
[INFO] [stdout] error[E0554]: `#![feature]` may not be used on the beta release channel
[INFO] [stdout]  --> /opt/rustwide/cargo-home/registry/src/github.com-1ecc6299db9ec823/maud_macros-0.21.0/src/lib.rs:4:1
[INFO] [stdout]   |
[INFO] [stdout] 4 | #![feature(proc_macro_quote)]
[INFO] [stdout]   | ^^^^^^^^^^^^^^^^^^^^^^^^^^^^^
[INFO] [stdout] 
[INFO] [stdout] 
[INFO] [stdout] error[E0554]: `#![feature]` may not be used on the beta release channel
[INFO] [stdout]  --> /opt/rustwide/cargo-home/registry/src/github.com-1ecc6299db9ec823/maud_macros-0.21.0/src/lib.rs:5:1
[INFO] [stdout]   |
[INFO] [stdout] 5 | #![feature(proc_macro_span)]
[INFO] [stdout]   | ^^^^^^^^^^^^^^^^^^^^^^^^^^^^
[INFO] [stdout] 
[INFO] [stdout] 
[INFO] [stdout] error: aborting due to 5 previous errors
[INFO] [stdout] 
[INFO] [stdout] 
[INFO] [stdout] For more information about this error, try `rustc --explain E0554`.
[INFO] [stdout] 
[INFO] [stderr] error: could not compile `maud_macros`.
[INFO] [stderr] 
[INFO] [stderr] To learn more, run the command again with --verbose.
[INFO] [stderr] warning: build failed, waiting for other jobs to finish...
[INFO] [stderr] error: build failed
[INFO] running `Command { std: "docker" "inspect" "64b21868cf447549a120b06058a4e83f9821679f267226070dcc63b6f707ed85", kill_on_drop: false }`
[INFO] running `Command { std: "docker" "rm" "-f" "64b21868cf447549a120b06058a4e83f9821679f267226070dcc63b6f707ed85", kill_on_drop: false }`
[INFO] [stdout] 64b21868cf447549a120b06058a4e83f9821679f267226070dcc63b6f707ed85
